.
2, 5
Suppose -5*b - 55 + 255 = 0. List the prime factors of b.
2, 5
Suppose -3*t - 7 - 11 = -3*q, q - 5*t = 2. Let o = 19 - q. List the prime factors of o.
2, 3
Suppose 5*t = 2*t + 9. Suppose s - t*f = -8*f - 7, 2*s + 4*f - 10 = 0. List the prime factors of s.
13
Let k be 2/((-3)/57*-2). Suppose 0 = -3*u + 4*f - 6, -5*f = 2*u - 0*f - k. List the prime factors of u.
2
Suppose 2*r = -3*j + 7*r - 13, 3*r - 7 = 2*j. Let v = j + -1. Suppose 8*a - v*a = 4*b - 27, -5*b + 2*a + 38 = 0. What are the prime factors of b?
2
Let m(o) = o + 7. Let r be m(-4). Suppose -r*w + 0*d + 2*d = -8, 5*d + 11 = 3*w. Suppose -2*h + 4 = 0, -38 = -2*b - w*h - 2*h. What are the prime factors of b?
3, 5
Suppose 5*k + 157 = -88. Let h = 70 + k. What are the prime factors of h?
3, 7
Let i = -3 - 1. List the prime factors of 2/i + (-282)/(-12).
23
Suppose 0 = -j - 0 + 1. Let x(c) = 34*c**2 - 2*c + 1. What are the prime factors of x(j)?
3, 11
Let t be (-12)/54 + (-40)/(-18). Suppose -10 = 3*s + t*s, s = -4*v + 54. What are the prime factors of v?
2, 7
Suppose -2*o + 96 = 3*p - 5*o, -5*o + 57 = 2*p. What are the prime factors of p?
31
Let n(x) = -8*x**3 - x**2 - 2*x - 1. List the prime factors of n(-2).
3, 7
Let r(m) = 9*m**2 - m. Let h be r(1). Suppose 0 = -2*t - y + 20, 4*y + h = -0. What are the prime factors of t?
11
Let h = 1 + -1. Let i = -3 - h. What are the prime factors of (-25)/i + (-1)/3?
2
Suppose 4*y = -2*b + 50, 4*b = -6*y + y + 115. What are the prime factors of b?
5, 7
Let r be (-12)/2*36/(-8). Suppose -3*a + r = 9. What are the prime factors of a?
2, 3
Suppose -g = 12 - 16. What are the prime factors of g?
2
Suppose 0 = -h - 2*h + 4*t + 79, 2*h = -4*t + 46. List the prime factors of h.
5
Let r be (-4)/4*1*-16. Let m be 10/((-1)/6*-2). Suppose r = a + a - 4*f, 0 = 3*a - 3*f - m. List the prime factors of a.
2, 3
Let g(t) = -13*t + 4. Let q(k) = 3*k - 1. Let j(c) = -2*g(c) - 9*q(c). List the prime factors of j(-4).
5
Let u(h) = 31*h - 7. What are the prime factors of u(3)?
2, 43
Let s = 83 - 56. List the prime factors of s.
3
Suppose 3*u = -4*c + 289, 2*c + 72 = u - 31. What are the prime factors of u?
3, 11
Suppose -5*u - 180 = 140. What are the prime factors of (-10)/25 + u/(-10)?
2, 3
Suppose k - 5*t = 50 + 20, -5*k = t - 350. List the prime factors of k.
2, 5, 7
Let v(f) = f**3 - 4*f**2 - 5*f + 12. List the prime factors of v(6).
2, 3
Suppose 3*y + 4*n = 5*n + 37, -5*y = 2*n - 47. What are the prime factors of (y/(-2))/((-1)/2)?
11
Let u(z) = -63*z**3 - 2*z**2 - z. Let j be u(-1). Suppose -6*w - j = -c - 4*w, 166 = 3*c - 2*w. List the prime factors of c.
2, 13
Suppose -16*l = -11*l - 100. List the prime factors of l.
2, 5
What are the prime factors of (18/4)/((-2)/(-4))?
3
Let a = -16 - -11. Let f be (-12)/(-15)*(-5)/(-2). What are the prime factors of 1*-1 - (f + a)?
2
Let o(j) = 3*j**2 - 2*j + 5. Let m be o(5). Suppose -1 = -c, 4*x + 5*c - m = -x. What are the prime factors of x?
13
Let s be 4/(-6) - 6/(-9). Let m(x) be the second derivative of -x**3/6 + 3*x**2 - x. What are the prime factors of m(s)?
2, 3
Suppose u - 4 = 3*s, 5*u + 10*s - 20 = 5*s. List the prime factors of (3 - u)/((-1)/8).
2
Let k(w) = -w**2 + 7*w + 3. Let j(l) = l**2 - 7*l - 1. Let h be j(8). Let g be k(h). Suppose o = 3*o - 8, 2*o = g*y - 58. What are the prime factors of y?
2, 11
Let l = -5 + 8. Let a be 1*(0 - (l + -2)). Let m(n) = 4*n**2 + 1. What are the prime factors of m(a)?
5
Let u(j) = -16*j**3 - j. Let t be u(-1). Let x = 5 + 1. Let f = t - x. List the prime factors of f.
11
Let q be 965/25 + 4/10. Suppose -j = -2*u + 17, 2*u + 2 = 5*j + q. What are the prime factors of u?
2, 3
Let c = -20 + 21. What are the prime factors of (14/(-56))/(c/(-28))?
7
Suppose -25 = 3*f - 8*f. Suppose -q + f = -11. What are the prime factors of q?
2
Let m be -3 + 1 + 6 - 1. Let n(q) = 3 - 1 - m - 10*q + 0. List the prime factors of n(-2).
19
Suppose -2*z = -6*z + 72. What are the prime factors of z?
2, 3
Let u(a) = -a + 25. What are the prime factors of u(0)?
5
Suppose 6 = -i + 65. Suppose 1 + 29 = u + p, 0 = -2*u - 3*p + i. List the prime factors of u.
31
Let d(f) be the third derivative of f**7/5040 + 13*f**6/720 + f**5/20 - f**2. Let q(w) be the third derivative of d(w). List the prime factors of q(-10).
3
Suppose 0 = -c + 19 + 4. Let f be c/(-4) - 1/4. What are the prime factors of (9/f)/(1/(-6))?
3
Let t = 68 - -3. List the prime factors of t.
71
Let j = 11 - 29. Let l = j - -27. What are the prime factors of l?
3
Suppose 1612 = r + 12*r. What are the prime factors of r?
2, 31
Let c = 22 + -15. Suppose 0 = p - c - 16. What are the prime factors of p?
23
Let s(v) = v**3 - 6*v**2 + 4*v - 4. Let q be s(6). Let l = 18 + q. Suppose 3*z - 2*x - 30 = x, -x = 5*z - l. What are the prime factors of z?
2
Suppose -4*a + 52 = -0*a. List the prime factors of a.
13
Suppose -35 = -2*r + g, -r - 3*g + 20 = -4*g. Suppose 3 + r = 2*m. List the prime factors of m.
3
Let b(s) = -s**3 - 7*s**2 - 6*s + 3. Suppose 38 = 3*o + 6*t - t, -2*t = -2*o + 4. Suppose -5*i = -4*i + o. What are the prime factors of b(i)?
3
Let c be 47/2 + (-2)/(-4). Let g = 7 - 4. Suppose -g*x + c = x. What are the prime factors of x?
2, 3
List the prime factors of (-30 - 0)*1*-1.
2, 3, 5
Suppose -4*s = -r - 446, 3*r - 114 = -s - 9. What are the prime factors of s?
3, 37
Let a(d) = -5*d + 1 - 1 + 0. What are the prime factors of a(-6)?
2, 3, 5
Let m(t) = 3*t + 3. Let v be m(6). Let r = v - 16. List the prime factors of r.
5
Suppose 0 = d - 2*d + 5. Suppose -4*u = r + 5 + 12, -d*r + u + 20 = 0. Suppose 2*l - 6*l = 5*z - 53, -20 = -5*l + r*z. List the prime factors of l.
7
Suppose -v - q - 434 = -3*v, -v + 203 = -4*q. What are the prime factors of v?
3, 73
Let u be 9/2 + (-3)/(-6). Suppose 0 = -2*z - 3*m + 57, 4*z - 8*z = u*m - 111. What are the prime factors of z?
2, 3
What are the prime factors of 8*((-10)/(-8))/(2/8)?
2, 5
List the prime factors of 115 + (-8)/(-10) + (-152)/40.
2, 7
Let m = -6 + 8. List the prime factors of 10/1 - (m - 0).
2
Let m = 58 + -346. Let p = -76 - m. What are the prime factors of 18/81 - p/(-18)?
2, 3
Let u = -17 - -112. Suppose 3*m - u = -2*m. List the prime factors of m.
19
Let c(o) = 4*o**2 - 2 - 4 + 4. List the prime factors of c(-2).
2, 7
List the prime factors of (-9)/(378/12) - (-1376)/14.
2, 7
Let q be 0 - (-1 - -1)/(-1). Let s(l) = -6*l**2 + q + 2 - l - l**3 - 6*l. What are the prime factors of s(-5)?
2, 3
Suppose -p - 4*c + 16 = 0, 2*c - 11 = -2*p + 9. Suppose 3*o = 2*o + p. List the prime factors of o.
2
Let x be 1*2*44/8. Suppose -2*q = 1 - x. List the prime factors of q.
5
Suppose -5*w = -3*w. Suppose 0 = -w*i + i - 5. List the prime factors of i.
5
Suppose -3*t = -11 - 331. List the prime factors of t.
2, 3, 19
Let v = 53 - 0. What are the prime factors of v?
53
List the prime factors of ((-3)/(-2))/((-9)/(-126)).
3, 7
Let k(r) = r**2 - 8*r + 6. Let t be k(8). Suppose o + 60 = t*o. Suppose 2*h + h - o = 0. What are the prime factors of h?
2
Let p(c) = -c**2 + 3*c + 2. Let o(h) = -h**2 - 9*h - 4. Let d be o(-8). Suppose -3*u = a - 6, 4*u + u - 3 = -d*a. List the prime factors of p(u).
2
Let c = 92 + -50. What are the prime factors of c?
2, 3, 7
Let k = -3 - -8. Suppose 2*r = -k*l + 75, 6*l - 80 = l - r. What are the prime factors of l?
17
Let v(x) = x + 3. Let w be (-3)/6 - (-18)/4. List the prime factors of v(w).
7
Let g(w) = 2*w - 1. Let x(i) = -8*i + 5. Let z(p) = 18*g(p) + 4*x(p). What are the prime factors of z(3)?
2, 7
Suppose v + 5 + 4 = 5*o, o + 5*v - 7 = 0. Suppose -t - 17 = 2*a + 2*a, 5 = o*t - 5*a. List the prime factors of (-2)/t*(26 + -1).
2, 5
Suppose 0 = z - 1 + 2, -2*l - 2*z = -198. List the prime factors of l.
2, 5
Suppose 97 = 2*a + 19. What are the prime factors of (-20)/30*a/(-2)?
13
Let u(d) = d**2 + 4*d + 6. Let r be u(-4). Let z be (1/2)/(r/72). Let v = z + -2. List the prime factors of v.
2
Let p = -39 + 235. What are the prime factors of p?
2, 7
Let g be (4/5)/((-18)/(-585)). Let b = -6 + g. What are the prime factors of b?
2, 5
Suppose 0*z = -5*z + 25. Suppose a - z*o = 38, -a + o = -2*a + 20. List the prime factors of a.
23
Let r(x) = -x**2 + 23*x - 43. List the prime factors of r(12).
89
Let o(c) = -c**3 + 2*c + 63 - 2*c - 52. What are the prime factors of o(0)?
11
Su